e units digit of y?
9
Let w(n) = 6*n**3 + 4*n - 4. Let b be w(3). Let a = b + -117. Let m = -32 + a. What is the units digit of m?
1
Let g = -10 - -13. Suppose g*m = 2*z + 72, -6*z + z - 2*m = 218. Let w = 90 + z. What is the tens digit of w?
4
Let l(x) = x**2 - x + 12. What is the units digit of l(-11)?
4
Let a(y) be the second derivative of 7*y**2 - 1/12*y**4 + 0 + 3*y + 2/3*y**3. What is the units digit of a(6)?
2
Let x = 344 + -302. What is the units digit of x?
2
Let f = -33 + 32. Let k(r) = 25*r**2. What is the units digit of k(f)?
5
Let u be 1/(-3) - (5/3 - 4). Suppose -3*z = u*n - 269, -2*n - 3*n + 660 = -5*z. What is the hundreds digit of n?
1
Let b(a) = 17*a - 9. Let s(k) = -k - 2. Let w be s(-6). What is the units digit of b(w)?
9
Suppose -6210 = -3*p - 5*x, 14*p - 19*p + 3*x + 10316 = 0. What is the thousands digit of p?
2
Let i be -3*(-6)/9*20. Suppose -4*w = -9*w + 5*t + i, 0 = w + 2*t + 4. Suppose -2*l = -w*l + 92. What is the units digit of l?
6
Let c(k) = k**3 + 4*k**2 - 17*k + 26. What is the hundreds digit of c(12)?
1
Suppose -11*j + 8*j + 4*g + 611 = 0, 1033 = 5*j - 3*g. What is the hundreds digit of j?
2
Suppose 0 = 13*w - 17*w + 1400. What is the units digit of w?
0
Let w = -643 + 1428. What is the tens digit of w?
8
Let w be 2/11 + 28/(-154). Let f(p) = -p**3 + 18. What is the units digit of f(w)?
8
Let h(v) = 2*v**2 + 18*v - 114. What is the thousands digit of h(36)?
3
Let a be 90/(-9*2/(-12)). Let m = -33 + a. What is the units digit of m?
7
Suppose 0 = 8*l - 5*l - 2*z - 1966, -2*z = 5*l - 3298. What is the hundreds digit of l?
6
Suppose 2*n = 2*c - 1332 - 522, -5*c + 4641 = n. What is the units digit of c?
8
Let a(h) = -h**3 - 3*h**2 + h - 9. Let g be a(-6). Suppose -g = -4*i + 79. What is the units digit of i?
3
Let p be -3*(2/9 - 8/(-72)). What is the units digit of (p + 2)*(98 + -8)?
0
Suppose 2 = -4*p + 38. What is the units digit of (-3983)/(-63) - 2/p?
3
Let i = 36 + -30. What is the tens digit of (-2 - (-1 + -10))/(i/40)?
6
Let o(h) be the second derivative of 7*h**4/12 - 5*h**3/2 - h**2/2 - 30*h. What is the tens digit of o(3)?
1
Suppose 2*i - 8 = 0, 4*p + 6 - 18 = -2*i. Let r = 3 - p. What is the units digit of r/7 + (-132)/(-28)?
5
Suppose 14*h + u = 15*h - 3451, -9 = 3*u. What is the tens digit of h?
4
Suppose -20*v + 6460 = -10*v. What is the units digit of v?
6
Let u = 7578 - 5193. What is the units digit of u?
5
Let t(d) = -d**3 + 2*d**2 + 4. Let b be t(3). Let p be (-3)/(12/(-160)) + -1. Let y = p + b. What is the tens digit of y?
3
Let t be ((-12)/21)/(5/(-35)). Let g be t/26 + 126/26. Suppose -4*m + g*m = 5. What is the units digit of m?
5
What is the units digit of 8/64*1295 - 2/(-16)?
2
Suppose -100*o = -96*o - 2608. What is the units digit of o?
2
Suppose -2*a - 323 + 2943 = 3*i, 4*a - i = 5268. What is the units digit of a?
6
Let f be ((-21)/6 + 2)*-4. What is the units digit of (104/(-6))/((-4)/f)?
6
Suppose -5*y = -3*v - 46, 5*v - 9 = 4*y - 51. Let p be 1 - -21 - y/4. Suppose -w - p = -5*j + 4*w, 18 = 2*j + 3*w. What is the units digit of j?
6
Let a(j) = -j**3 + 70*j**2 - 36*j + 108. What is the tens digit of a(69)?
8
Suppose -4*n - 1324 = -5*n - 3*c, -5281 = -4*n + 3*c. What is the hundreds digit of n?
3
Suppose -t = 5*n - 158, -t - n + 128 = -2*n. What is the tens digit of t?
3
Let f = -362 - -942. What is the hundreds digit of f?
5
What is the hundreds digit of -7 + 376/56 - 2804/(-14)?
2
Let o(c) = 25*c**3. Let q be o(2). Let t = 3 + 47. Suppose m + 3*m = d - t, -4*d + q = -3*m. What is the tens digit of d?
5
Let t = 1469 - 1017. What is the hundreds digit of t?
4
What is the units digit of ((-180)/75)/((-8)/210)?
3
Let r(v) = v**3 + 29*v**2 - 8*v - 17. What is the tens digit of r(-9)?
7
Let s(x) = -112*x + 88. What is the hundreds digit of s(-11)?
3
Let s be 37/(-5) + 24/(-40). Let p = -11 - s. What is the units digit of p - (-23 + 0 + 3)?
7
Suppose d + 54 = 112. Let p = d + 109. What is the units digit of p?
7
Let w = -558 + 2171. What is the tens digit of w?
1
Let s = -142 - -236. What is the units digit of s?
4
Suppose 3*v - 2*v - 5*k + 201 = 0, 3*v + k + 587 = 0. What is the units digit of v/(-12)*(-2 + 5)?
9
Let u be ((-10)/30)/(1/(-219)). Suppose -3*a - u = -a - 3*f, 85 = -2*a - f. Let b = a - -80. What is the tens digit of b?
3
Let y(u) = -4*u. Let a be y(-4). Suppose -5*p = -8*p + 9. Let v = p + a. What is the tens digit of v?
1
Let z be (-3)/18 - (-9)/54. Suppose z = 25*r - 23*r - 148. What is the tens digit of r?
7
Suppose 0 = 2*n + 8 - 16. Suppose n*p - 8 = 280. Suppose -3*o + p = -15. What is the units digit of o?
9
Suppose 3*d = -5*g + 4971, 2*g - 6*g + 3966 = -3*d. What is the tens digit of g?
9
Suppose w - 3589 = -3*c + 3*w, 0 = -c - 2*w + 1207. What is the thousands digit of c?
1
Let p(x) = x**3 + 6*x**2 - 13*x - 4. Suppose 3*f + 0*f = l - 23, 0 = 2*f - 2*l + 22. What is the units digit of p(f)?
4
Let p = 129 + -123. Suppose 358 = -p*w + 1984. What is the tens digit of w?
7
Suppose -4*a + 8*a = 116. Suppose 4*y - 1 = -a. What is the tens digit of 1/y + 113/7?
1
Let l(w) be the third derivative of w**5/60 + 5*w**4/6 + 17*w**3/6 - 4*w**2. What is the units digit of l(-24)?
3
Let z be (-12)/(-28) + 12/21. Let t = z - 51. Let f = -28 - t. What is the tens digit of f?
2
What is the tens digit of ((-528)/80)/((-9)/30)?
2
Let l be (-48)/(-112) - 3354/(-14). Suppose -l = 6*j - 10*j. What is the tens digit of j?
6
Suppose 9 = 2*r + 1. Let p = 26 - r. What is the units digit of p?
2
Let z = 22 - 26. Let c be -3*(z + (-1092)/9). What is the tens digit of (2/(-8))/((-2)/c)?
4
Let y(a) = -a**3 + 8*a**2 - 8*a - 2. Let t be y(7). Let h(p) = p**2 - 2*p + 21. What is the units digit of h(t)?
0
Let x be 2/6 - (-10)/6. Suppose 6*s = x*s + 880. What is the units digit of s?
0
Suppose z = 3*z - p - 107, -4*p = -20. Suppose -6*w + z = -2*w. What is the tens digit of w?
1
Let a(u) = 30*u + 8. Let m(s) = s. Let o(j) = -a(j) + 5*m(j). Let f be o(4). Let x = -48 - f. What is the tens digit of x?
6
Suppose 3*u - 1497 = 351. What is the tens digit of u?
1
Let r(v) = -v. Let n be r(-10). What is the tens digit of (n/4)/((-19)/(-228))?
3
Suppose 3 = 3*m - 2*m. What is the units digit of 59 - m*6/(-9)?
1
Suppose 4*c = -492 - 428. What is the tens digit of (-36)/30*c/3?
9
Suppose 2*m - 3*v - 2*v = -26, -m + 2*v = 13. Let n = -11 - m. Suppose -n*t + 4*i + 14 = -0*i, -46 = -5*t - i. What is the units digit of t?
9
What is the units digit of -3*(-5 + (-1)/(18/11202))?
2
Let v(b) = -b**3 + 8*b**2 + 2*b - 11. Let u(s) = s + 8. Let w be u(0). Let r be v(w). Suppose -2*g - 3*l + 62 = -r*l, -l = g - 21. What is the units digit of g?
6
Suppose -6 = -2*z, z + 0*z = -2*u - 317. Let y = u + 420. What is the units digit of y?
0
Let b = 1146 + -505. What is the units digit of b?
1
Suppose 3*i = -5*r, 2*r - 3 - 8 = i. Let w(v) = 10*v - 8. Let s(c) = -10*c + 9. Let t(k) = -5*s(k) - 6*w(k). What is the tens digit of t(i)?
5
Let s = 23 - -15. Let p = 2 - 0. Suppose -p*j + 2 = -s. What is the tens digit of j?
2
Let v be 6/(-8) + (-4)/(48/(-9)). Suppose v = 8*b - 493 + 45. What is the units digit of b?
6
Let g(w) = -3 + 4*w - 3*w - 3*w + 4. Let b be g(-5). Suppose -2*o + 55 = -b. What is the units digit of o?
3
Let t be (-2)/7 - (-318)/(-14). Let f(v) = -v**3 + 8*v**2 - 10*v + 10. Let d be f(8). Let m = t - d. What is the units digit of m?
7
Let t(y) = -y**2 + 18*y + 17. Suppose 4*o = 5*m + 57, 6*o = 5*o - 3*m + 10. Let j be t(o). Suppose 4*u - j = 82. What is the tens digit of u?
4
Suppose 102*m - 98*m - 296 = 0. What is the tens digit of m?
7
Let c(o) = -o**3 - 4*o**2 - 5*o - 3. Let z be c(-3). What is the units digit of ((-24)/30)/(z/(-645))?
2
What is the tens digit of (-6804)/(-10) - ((-462)/(-55) + -8)?
8
Suppose 3*u - 2 + 11 = m, 4*m + 4*u - 20 = 0. Suppose -5*b + m = -9. What is the units digit of b?
3
Suppose 15*k + 50789 = 138569. What is the thousands digit of k?
5
Let p = 208 + -132. Suppose 3*z - 6 = -2*n, 2*z + 14 = 2*n - 2. Suppose n*y - p = 4*y + 4*l, -206 = -5*y + 2*l. What is the tens digit of y?
4
Let v(j) = -j**3 + 2*j + 4. Let i be v(-7). Suppose 4*u = u - 5*y + 336, 3*u - i = -4*y. What is the units digit of u?
7
Suppose -4*l + 77 = -79. Suppose -4*u = -u - l. What is the units digit of u?
3
Let n(i